ivative of -17*b**3/3 + b**2 - b + 20. Calculate z(1).
-16
Let b(v) = v**2 - 8*v - 7. Let k be (2 - (-6)/1) + (27 - 25). What is b(k)?
13
Let j(o) = o + 3. Let i = 2 - 0. Suppose i*y - 1 + 11 = 0. Calculate j(y).
-2
Let q(s) = -s**3 + 6*s**2 - 2*s - 1. Let z(w) = -w**2 + w + 1. Let b(p) = q(p) + 4*z(p). Determine b(3).
0
Let l(w) = 5*w**2 + 7. Let i(x) = -4*x**2 + x - 6. Let v = 0 + 3. Let n(m) = v*l(m) + 4*i(m). What is n(3)?
0
Let l(c) = 3*c + 5. Suppose 4*v - 25 - 11 = 0. Suppose 3*x - 3*g = -v - 15, 3*x = -5*g + 8. Determine l(x).
-7
Let y(g) = 4 + g**2 - 9*g + 8*g + 11*g. Give y(-9).
-5
Let i(m) = -13 - 10*m + 2*m**2 + 4*m - 3*m**2 + 7*m. Give i(0).
-13
Suppose 6*y - 16 = -4. Let f(z) = 2*z + 3. Let d(a) = a + 1. Let b(g) = 5*d(g) - 2*f(g). What is b(y)?
1
Let m be (-38)/(-14) - (-8)/(-28)*-1. Let g(b) = b**2 - 3*b + 4. Determine g(m).
4
Let r(a) = 51*a - 98*a - 6 + 46*a. Give r(-8).
2
Let j(s) = -3*s**3 - 3*s**2 - 2*s - 5. Let n(a) = -13*a**3 - 13*a**2 - 9*a - 19. Let d = 3 + 6. Let v(y) = d*j(y) - 2*n(y). What is v(0)?
-7
Let q(h) = h - 4. Suppose -33 = -5*z + 2. Let l be 12/z*7/2. What is q(l)?
2
Let u = 5 - 16. Let n(s) = -6*s**2 + s - 3. Let r(o) = 31*o**2 - 6*o + 16. Let b(t) = u*n(t) - 2*r(t). What is b(-1)?
4
Let m(z) = z**2 - 7*z + 4. Suppose -3*y + 35 = 2*y. Let h be m(y). Let j(a) = -a. What is j(h)?
-4
Suppose 0 = -2*d + 8, 0*z - 5*d + 5 = -z. Let s be (z*-1)/3 - -1. Let b(x) be the first derivative of x**4/4 + 4*x**3/3 - x**2/2 - 3*x + 3. Determine b(s).
1
Let i = 0 - -1. Let l(j) = 0 - 4 - j - i. Suppose w + 12 = -2*w. Give l(w).
-1
Let b be 3/(-5) + (147/35)/7. Let g(t) = 2 + t + 6 - 2. Calculate g(b).
6
Let q(l) be the first derivative of -l**2 - 3*l + 1. What is q(3)?
-9
Let z = 10 - 5. Let i(t) = t**2 - 4*t - 6. What is i(z)?
-1
Suppose 0 = -j - 4*j + 40. Let u(w) = 4*w**2 + 3 - 24*w**3 - j*w**2 - w + 25*w**3 - 4*w. What is u(5)?
3
Let h(f) = -6*f**3 - f**2 + 5*f - 6. Let z(l) = 7*l**3 + l**2 - 6*l + 7. Let v(c) = 5*h(c) + 4*z(c). Let q(m) = m**3 + m - 2. Let w be q(0). Determine v(w).
8
Let v(j) = j. Let d = 63 - 66. Determine v(d).
-3
Let a(n) = 2*n + 5. Let v(s) = -s**2 - 2*s. Let m be v(-2). Let b = m - -2. Suppose 4*d + 34 = -4*k - b, 0 = -4*d - 2*k - 26. Give a(d).
-3
Let t(z) = 3*z + 0 - 4 - 2*z. Suppose -3*j = -6, -4*d + 3*j + 9 = -d. Let h be d*(0 + (-8)/(-10)). Determine t(h).
0
Suppose -4*w + 6*w = 0. Let y(v) = 13*v**3 + 9*v**2 - 13*v - 22. Let r(l) = -7*l**3 - 5*l**2 + 7*l + 11. Let j(g) = 11*r(g) + 6*y(g). Calculate j(w).
-11
Let q(f) = 2*f**3 + 3*f**2 - f + 2. Let k(n) = 3*n**3 + 6*n**2 - 2*n + 4. Let u(t) = -3*k(t) + 5*q(t). Determine u(3).
1
Let d(c) = -c**3 + 5*c**2 - 3. Suppose 0 = -3*f - j + 10, 1 + 1 = 3*f - j. Let k = 5 - -5. Suppose 0*v - 2*v = f*i - k, -10 = -2*i - v. Calculate d(i).
-3
Let d be (-3)/((-6)/(-4)) - -3. Suppose 2*o + 0 = 4. Suppose -o*g - d = -6*g - y, -2*g + y = 7. Let f(z) = 7*z**2 + z + 1. Give f(g).
7
Let q(w) = -w**3 - w - 3. Suppose 11 + 13 = 4*b. Let r = b + -8. Let p = -2 - r. Give q(p).
-3
Let o(y) = -1 + 20*y + 5*y - 15*y. Calculate o(-1).
-11
Suppose -4*j + 12 = -0. Suppose a = z, -j*z = -4*a - 2 - 1. Let i(c) = c + 5. Give i(a).
2
Suppose -3*y + 7 + 2 = 0. Let t(s) = s**3 - 3*s**2 + 2*s + 4. Give t(y).
10
Let b(v) = -4*v - 1. Let y(q) = -12*q - 2. Let d(o) = -11*b(o) + 4*y(o). Suppose 4*s = -4, 4*s - s - 7 = -5*h. Give d(h).
-5
Suppose 3*n - 24 = -3*m - n, -75 = -5*m + 5*n. Suppose 2*u + 2*u - m = 0. Let z(s) = -s**2 + 3*s + 2. Calculate z(u).
2
Let d = 8 + -5. Suppose 4 = -2*l + d*u + 11, 22 = 4*l + 2*u. Let o(w) = 0*w - w + 0*w + l. Give o(0).
5
Let f = 10 + -8. Let d(y) = -4*y**2 - f*y + 2*y**2 - 2*y + 3*y**2 + 2. Suppose -2*o = -2*k - 4*o + 10, 2*o = 4*k - 14. Calculate d(k).
2
Let q(x) be the first derivative of x**4/4 - 4*x**3/3 - 5*x**2/2 + 3*x - 2. Let o(w) = 4*w - 7. Let a be o(3). Give q(a).
3
Suppose 16 = 2*u - 4*b, 3*u + 3 = -2*b - b. Suppose -4*v = u*a - 8, -v + 3*v = 2*a + 10. Let m(c) = 2 - 2*c + c**3 - 4*c**2 + 2*c**v - 2*c**3. What is m(4)?
-6
Suppose 5*b + 3*c = 22, -4*b + 24 = -2*c - 2*c. Let d(o) = 5*o**2 + 33*o - 28. Let k(a) = a**2 + 8*a - 7. Let r(z) = -2*d(z) + 9*k(z). Calculate r(b).
-2
Let n(f) = -f + 7. Let q = 31 + -23. Determine n(q).
-1
Let b be -1 - (-6)/((-36)/(-30)). Let v(o) = 0*o**2 + 0*o + 4*o - o**2 + 1. Determine v(b).
1
Let c(a) = a**3 + 6*a**2 - 3*a - 2. Let b(x) = -2*x**3 - 11*x**2 + 7*x + 4. Let q(j) = 3*b(j) + 5*c(j). What is q(-4)?
-6
Suppose x = -5*c - 2*x - 39, -3*c = -2*x + 31. Let w be 22/(-6) + 3/c. Let o(h) = -h + 3. Determine o(w).
7
Suppose -5*x - 3 - 3 = -2*a, -5*a - 3*x = 16. Let z(t) = t**2 - 2*t - 2. What is z(a)?
6
Suppose 22 + 8 = 5*f. Let c(n) = n**3 - 7*n**2 + 9*n - 6. Give c(f).
12
Let w(l) = -l + 1. Let a(q) = -3 - 4*q + q**3 - 5*q**3 + 2*q**3 - 4*q**2. Suppose -11 = 5*p - 1. Let j be a(p). Calculate w(j).
-4
Suppose 2*h + 14 = 4*h. Let u(m) be the first derivative of -m**3/3 + 3*m**2 + 10*m - 2. Let k be u(h). Let d(s) = -s**2 + s + 1. Calculate d(k).
-5
Suppose 2*w + 6 = -3*i, 2*w + 1 = i + 3. Let j be 4*(0 + (-2)/(-4)). Let m(p) = 15*p**2 - 38*p**2 - j + 22*p**2 - p. Determine m(i).
-4
Let g(n) be the third derivative of n**5/60 - n**4/4 + 7*n**3/6 - 3*n**2. Let w be g(5). Let q(a) = -a + w - a**3 + 2*a**2 - 5*a**2 + 6*a**2. Calculate q(3).
-1
Let n = -10 + 7. Let w(l) = l**3 + 5*l**2 + 3*l. Determine w(n).
9
Let g(m) = -11*m - 19. Let q be 1/3 + 20/(-6). Let l(z) = -z + 1. Let r(w) = 8*w + 2. Let i(p) = 4*l(p) + r(p). Let h(k) = q*g(k) - 8*i(k). Calculate h(-5).
4
Let a(l) = l**2 - 2*l - 4. Let y be a(4). Let g(v) be the third derivative of -2*v**2 + 1/6*v**3 + 0 + 0*v + 1/12*v**y - 1/15*v**5. Give g(-1).
-5
Let s(t) be the third derivative of -t**6/120 + t**5/20 + 4*t**2. Determine s(2).
4
Suppose -2*a = g - 57, 3 = -3*g + a + 188. Let t(f) = g - f - 61. Determine t(-2).
2
Suppose 0 = -5*j + y - 30, -2*j = -3*y - 6 + 31. Let q(u) = -u**3 - 6*u**2 - 2*u - 2. Determine q(j).
-17
Suppose 4*w + w - 25 = 0. Suppose 3*f = w*f. Let q(h) = h**2 + h - 1. What is q(f)?
-1
Let k(w) = -w**2 - 2*w + 8. Let x(l) = -l**2 - l + 7. Let n(u) = -4*k(u) + 5*x(u). What is n(4)?
-1
Let t be 2/(-5) - 144/(-60). Suppose -4*r - 1 = 3*f, t*f - 3 = -r + 3. Let k(w) be the third derivative of w**5/60 - w**4/8 - w**3/2 + w**2. Determine k(f).
7
Suppose -5*f - 62 = -62. Let g(q) be the first derivative of -q**2/2 - 7*q + 1. Calculate g(f).
-7
Let p(u) = 165*u - 82*u - 11*u**2 - 84*u. Calculate p(1).
-12
Let s(z) = 7*z**3 - 6*z**2 - 9*z + 15. Let c(h) = -4*h**3 + 3*h**2 + 4*h - 8. Let t(x) = -5*c(x) - 3*s(x). Determine t(4).
7
Let z(j) = -3 + 35*j**2 - 34*j**2 - 2 + 1. Calculate z(-4).
12
Suppose -h = 2*a + 20, -h - 3*a - 36 + 11 = 0. Let m = 10 + h. Let j(l) = -l + 3. What is j(m)?
3
Let m = 4 - 9. Let h = 9 + m. Let k(y) = 0 - h + y + 0. What is k(6)?
2
Let o(a) = -24*a - 19*a + 6 + 42*a. Give o(5).
1
Let c(v) = -v**2 - 1. Let w(y) = 4*y + 6. Let a(s) = -c(s) - w(s). Let i(f) = -f - 3. Let g be i(-7). Suppose u = 5, -d = 4*d + g*u - 40. Give a(d).
-5
Let l(b) = -b**2 + b. Let f(s) = s**3 + 4*s**2 - 1. Let c(v) = -f(v) - 2*l(v). Let o be 36/(-9) + 4/2. What is c(o)?
5
Let f(y) = -y**2 + 4*y + 25. Let u be f(7). Let l(a) = 3*a - 6. Calculate l(u).
6
Let m(o) = 16*o**2 + 5*o - 2. Let q(a) = 8*a**2 + 2*a - 1. Let k(w) = -2*m(w) + 5*q(w). Give k(1).
7
Let p = 27 + -31. Let s(q) = -q**3 - 6*q**2 + 8*q + 1. Let n(o) = o**3 + 5*o**2 - 7*o. Let g(c) = 3*n(c) + 2*s(c). Give g(p).
6
Let z(s) = -3*s + 29. Let i(w) = -w + 10. Let p(y) = -17*i(y) + 6*z(y). Give p(10).
-6
Let r(u) be the third derivative of -u**7/2520 + u**6/180 + 7*u**5/120 + u**4/24 - 4*u**2. Let i(w) be the second derivative of r(w). What is i(5)?
2
Suppose 0 = -0*w - 2*w. Let v(i) = i**3 - 5. Determine v(w).
-5
Let x = 46 + -45. Let k(r) = 4*r**2 + r. Give k(x).
5
Suppose 0 = -2*h - 4*f + 3 + 19, -4*h - f = -9. Let p(w) = 23*w**3 - w**2. Calculate p(h).
22
Let r = -7 - -12. Let f = 6 + -4. Let y(q) = f + q - 4 - 4. Determine y(r).
-1
Let c be ((-2)/1)/2*1. Let l(z) be the first derivative of -9*z**2/2 - z + 9. Calculate l(c).
8
Let d(q) = 9*q**3 - 2*q**2 - 2*q - 1. Let b be 1/(-3) + 14/(-21). Give d(b).
-10
Suppose -3*j + 1 = -2. Let l(t) be the first derivative of -1/2*t*